j + 4. Let h be a(18). Let i = -16 + h. What is the greatest common factor of y and i?
6
Suppose -4*o = -3*t + 147, -3*o - 6*t - 79 = -2*t. Let x be (-2)/(16/(-12)) + o/(-2). Calculate the greatest common divisor of 72 and x.
18
Let n be 5523 + 0 - (0/(-2))/(14 - 16). Calculate the greatest common divisor of n and 42.
21
Let t(u) = -u**2 - 3*u + 7. Let j be t(6). Let d be 1 + (4 - j) - 2. Let l = d - 22. Calculate the highest common factor of 70 and l.
14
Suppose 5*z + 80 = i, 4*z - 200 = -8*i + 4*i. Suppose i*w - 62*w = -819. Calculate the highest common factor of 26 and w.
13
Suppose 0*z - 5*z + 4*p = -34, 3 = -3*p. Let a be (3 - 0 - z) + 91. Suppose 33 = 11*n - 209. Calculate the greatest common divisor of a and n.
22
Let c = 1035 + -1028. Let h = -47 - -103. Calculate the greatest common divisor of h and c.
7
Suppose -2*f + 4*f = 5*y - 642, -f + 624 = 5*y. What is the greatest common divisor of 952 and y?
14
Let s = 61 + -58. Let n be 324/(-15*s/(-150)). Calculate the highest common divisor of n and 40.
40
Suppose -7*o + 1194 - 179 = 0. Suppose 52*m - o = 47*m. What is the highest common factor of m and 29?
29
Let z be (-2)/7 + (-360)/(-84). Suppose k = 13 + z. Let h(o) = o**3 + 9*o**2 - 4*o - 13. Let v be h(-6). Calculate the highest common factor of k and v.
17
Let w = -14 - -28. Let a be ((-6948)/(-351) - 246/533) + (-10)/(-6). What is the highest common factor of a and w?
7
Suppose 0 = 6*g + 291 - 969. Suppose -g*u = -110*u - 297. Let b = -25 - -36. Calculate the highest common divisor of u and b.
11
Suppose 4*k + 2*r = 71430, -3*r + 5*r - 89284 = -5*k. What is the highest common divisor of 226 and k?
226
Suppose 5*d + k - 16 = 55, 4 = -k. Let l be (8 - 170)/(-2 - 0) + 4. Suppose -g - 16*g + l = 0. What is the greatest common factor of g and d?
5
Suppose -2*z - 519 = -3*o, -81*z + 86*z + 537 = 3*o. What is the highest common factor of o and 351?
13
Let g(i) = 4*i**3 - i**2 + 8*i + 13. Let l(k) = -k**3 - k**2 - 1. Let q(f) = g(f) + 5*l(f). Let o be q(-7). What is the greatest common divisor of o and 31?
1
Suppose 0*s + 5*s = 5*t + 250, -3*s - 3*t = -132. What is the greatest common divisor of 611 and s?
47
Suppose 94*j = -131*j + 183*j + 8358. What is the greatest common divisor of 33233 and j?
199
Suppose -4013 = -5*j + 2*z, -1605 = -2*j + 7*z - 6*z. What is the greatest common divisor of 33 and j?
11
Suppose 70*w - 135 - 565 = 0. Let q = -7 - -9. Let l be q/(-10) + 808/40. What is the highest common factor of w and l?
10
Let y = -26 + 46. Suppose 0 = y*j - 18*j + 12. Let s be (33/j + 1)*(-128)/12. What is the greatest common divisor of s and 72?
24
Let b = 171 + -168. Suppose -b*s - 3*f = -270, f + 2*f = -4*s + 361. What is the greatest common factor of s and 52?
13
Let x(m) = -m**3 + 17 + 15 - 8*m - 38 - 3*m**2. Let l be x(-2). Let j be 4/l - (-2290)/30. Calculate the highest common divisor of 11 and j.
11
Let i be (-237)/(-18) - 2/12. Let h be ((-12)/4 - i)/(-1). Let s = -229 + 253. Calculate the highest common divisor of s and h.
8
Suppose 2*f = 2*r + 4, 12 = -0*f - 4*f - r. Let q be f/(-2)*142 + 2. Suppose -454 = -25*v - 241 + 687. What is the highest common divisor of q and v?
36
Suppose 4*n = -2*g + 223 + 269, -5*n - 1023 = -4*g. Calculate the highest common factor of g and 182.
14
Suppose -2*v - 2*a = -5*a - 26, -4*a = -2*v + 22. Suppose -y + 25 = -2*b - 3*b, -3*b - v = -y. Calculate the greatest common factor of 430 and y.
10
Suppose -352 + 1125 = -5*f - 3*o, -4*o = -3*f - 487. Let d = 169 + f. Calculate the greatest common factor of 9 and d.
3
Suppose 38*y - 23712 = 30*y - 40*y. Calculate the greatest common factor of 130 and y.
26
Let d = -12655 + 17903. Calculate the highest common factor of d and 256.
128
Let u be -17*1 - (3 + -3). Let j(z) = 792*z - 55 + 803*z - 1599*z. Let l be j(u). Calculate the highest common divisor of l and 104.
13
Let v = -8144 - -8641. What is the greatest common factor of v and 1917?
71
Let g be (-1056)/(-9) + (-128)/96. Calculate the highest common factor of 11252 and g.
116
Suppose 121 = v + 5*j, 13*v + 3*j = 15*v - 177. Calculate the highest common factor of v and 6.
6
Let r(b) = -4*b - 1. Let c be r(1). Let g = c + 14. Suppose -15*l + 10*l + p = -723, 0 = 3*l + p - 429. What is the highest common factor of l and g?
9
Let g(z) = -3*z**3 + 2*z**2 - 1. Let r be g(-1). Suppose -8 = -r*o - 0*o. Let k(n) = 8*n - 30. Let b be k(4). What is the greatest common divisor of b and o?
2
Let x(v) = 7*v + 8. Let r be x(4). Let u = r - 33. Suppose -2*t + 3*a + 25 = 0, -u*t + 2*a + 3*a + 38 = 0. What is the highest common divisor of t and 121?
11
Let n(g) = -g**3 + 24*g**2 - 36*g + 10. Let o = -556 + 578. Let u be n(o). Calculate the highest common divisor of u and 18.
6
Suppose -4*b = -7*b + 747. Let l = 263 - b. Calculate the highest common factor of 154 and l.
14
Let l(c) = c**3 + c**2 + c + 111. Let a be l(0). Let w = 23 + a. What is the highest common divisor of w and 201?
67
Let o be 107*-10*5/10. Let w = 743 + o. What is the greatest common divisor of 26 and w?
26
Suppose 43*x - 10250 = 18*x. Calculate the highest common divisor of 533 and x.
41
Suppose -36 + 3 = -3*u - 3*d, 31 = 2*u + 5*d. Let h(a) = 15*a + 7. Let l = 201 + -194. Let j be h(l). What is the highest common divisor of j and u?
8
Suppose -3*x + 182 = -29*x. Let q(y) = y**3 + 10*y**2 + 11*y - 1. Let b be q(x). Calculate the highest common factor of 23 and b.
23
Suppose -4*c = -13*c - 2*c + 29106. Calculate the greatest common factor of c and 196.
98
Let d(s) = -2*s + 5. Let g be d(-5). Let z(a) = g + 15*a + 7*a**2 - a**3 - 6*a**2 - 9*a**2. Let o be z(-10). Calculate the highest common divisor of 26 and o.
13
Let x be 574 - 149 - (52/(-14) - (-6)/(-21)). Calculate the highest common divisor of 1859 and x.
143
Let j(u) = 10*u**2 - 68 + 64 - 4*u**2 + 4*u. Let k be j(1). What is the greatest common divisor of k and 27?
3
Suppose -9546 = -20*m + 24074. What is the greatest common factor of m and 164?
41
Suppose 5424*o - 1188250 = 5326*o. What is the greatest common divisor of 97 and o?
97
Let f = 1 - -4. Let r(y) = 3*y**2 - 40*y + 23. Let l be r(15). Suppose -2*p = -5*j + p + l, 0 = -f*p + 20. What is the greatest common factor of 33 and j?
11
Let p be (-1766)/(-6) - 4/12. Let v = -16019 - -16047. Calculate the highest common divisor of p and v.
14
Let c be (-16)/20*1330/(-28). What is the greatest common divisor of 950 and c?
38
Let d be ((-81)/(-162))/((-1)/80*-4). Let f be (145/15)/(3/45). What is the greatest common divisor of d and f?
5
Suppose -69*m + 56*m = -182. Calculate the greatest common divisor of m and 231.
7
Suppose -3*g = 5*w - 268, 2*g - 4*w - 142 = -0*w. Suppose 7 = -14*h + 77. Let q be 29 - 25 - h*(-1)/1. What is the greatest common divisor of g and q?
9
Suppose -3*h = h - 60. Let t(v) be the third derivative of -v**4/8 + 15*v**3/2 + 44*v**2. Let l be t(5). Calculate the greatest common divisor of h and l.
15
Let h be (-60)/(-35)*(-3388)/(-66). Calculate the greatest common divisor of h and 12.
4
Let l(o) = 87*o - 112. Let p be l(2). Calculate the greatest common divisor of p and 651.
31
Let w be (-5)/(-10)*16/20 + (-2988)/(-30). Let n = -59 - -109. Calculate the highest common divisor of w and n.
50
Let t be (-2 + 18/12)*28/(-2). Suppose -5*h = -2*w + 759, 3*w + t*h - 1176 = 2*h. Let z = 70 - 27. What is the highest common factor of z and w?
43
Let a be (-596)/(-28) + 2/(-7). Suppose 0 = -2*l - 0 - 28. Let q be -5 - -2 - 84/l. Calculate the highest common factor of a and q.
3
Suppose -9345 + 2305 = -9*r + r. Calculate the highest common divisor of r and 128.
16
Let n(c) = -c + 224. Let f be n(0). Let w be (9 - 3) + 1 + -4. Suppose -16 = -w*j + 80. What is the greatest common divisor of f and j?
32
Suppose p + 0*p = 19. Let j = 8506 - 8202. What is the highest common divisor of j and p?
19
Suppose -30*s - 1654 = -4804. What is the highest common factor of s and 777?
21
Let k = 26 + -156. Let t = 5 - k. Let x be t/12 + 1/(-4). What is the highest common factor of x and 55?
11
Suppose -18*j - 130707 = -159*j. Calculate the highest common divisor of 288 and j.
9
Let n(g) = -g**3 + 2*g**2 - 2*g + 110. Let q be n(0). Let o = -79 + q. Let t = o + 140. What is the highest common factor of t and 19?
19
Suppose -391 = -4*d + s, 5